, what is 219257 - -11?
219268
In base 3, what is 22220120021 - -11020?
22220201111
In base 8, what is 1 - 27751541?
-27751540
In base 6, what is -34041 + -11445?
-45530
In base 2, what is 1000110001110110 + -1110011111?
1000100011010111
In base 12, what is 1 - -262892?
262893
In base 9, what is -10140230 + -142?
-10140372
In base 9, what is -5 + -15378605?
-15378611
In base 2, what is -1010100100111101110 - -10100?
-1010100100111011010
In base 15, what is 622 - 20a2?
-1980
In base 16, what is c61 + 10e5a?
11abb
In base 3, what is 21222222100010001 + 11?
21222222100010012
In base 14, what is 3a639 - 3a7?
3a272
In base 2, what is -1111010011011 + 111001?
-1111001100010
In base 11, what is 742763 - -5?
742768
In base 5, what is 141102121 - 1?
141102120
In base 7, what is -11401555 - 1?
-11401556
In base 4, what is -2 - 12321113012130?
-12321113012132
In base 3, what is -21112110022002 - 2?
-21112110022011
In base 4, what is 231330 - 3321031?
-3023101
In base 14, what is 2 + 305d1c8?
305d1ca
In base 14, what is 3 + -158953?
-158950
In base 6, what is -203054 - 1005?
-204103
In base 7, what is -603354140 + 0?
-603354140
In base 3, what is 102 + -12220212001101102?
-12220212001101000
In base 13, what is 2b35 - 295?
2870
In base 10, what is -50 - 2184340?
-2184390
In base 2, what is 10111000000011110111 - 11101?
10111000000011011010
In base 4, what is 1 - 31121311000?
-31121310333
In base 2, what is -111010110000010001011000000 - 0?
-111010110000010001011000000
In base 13, what is 6 - 31c8865?
-31c885c
In base 16, what is 5 - 57b38a?
-57b385
In base 13, what is -1b7b2a + -3c?
-1b7b69
In base 7, what is -223 - -22625553?
22625330
In base 10, what is -6488126 - -3?
-6488123
In base 2, what is 101100100010 - 110010111010?
-110011000
In base 3, what is 121221011 - -2?
121221020
In base 4, what is 103102302210 + 10?
103102302220
In base 13, what is 6c7413 - -4c?
6c7462
In base 8, what is 54440432 - -74?
54440526
In base 2, what is -110001010010 - 1010110111000?
-10001000001010
In base 9, what is 30433 + -5337?
24085
In base 2, what is 11 + -1100011100010110000110001111?
-1100011100010110000110001100
In base 7, what is 40121 + -52533?
-12412
In base 12, what is -1039 - -1b973b?
1b8702
In base 15, what is 5 - -a1341d?
a13423
In base 2, what is 100 + -100100001110000100011?
-100100001110000011111
In base 2, what is 11000000100010000 + -100001000?
11000000000001000
In base 13, what is 3b0 + 121b0?
12590
In base 3, what is -2 + -20022102010202020?
-20022102010202022
In base 8, what is -16347245 + -3?
-16347250
In base 2, what is 100110000000110001011100 - 100?
100110000000110001011000
In base 7, what is 131235240 + -302?
131234635
In base 9, what is 36503828 + 0?
36503828
In base 12, what is -15b - 7622b?
-7638a
In base 9, what is 75265782 + -2?
75265780
In base 13, what is 4 - -aa040?
aa044
In base 15, what is 2 + 107bc63?
107bc65
In base 9, what is -46 + -15068623?
-15068670
In base 3, what is -1000 - 20010211201021?
-20010211202021
In base 15, what is -29a - 5adc?
-5d87
In base 2, what is -1000 + -1011000011010001100111111?
-1011000011010001101000111
In base 12, what is -4 - -29a68050?
29a68048
In base 4, what is -2211 - 100131202?
-100200013
In base 11, what is 19905 - -153?
19a58
In base 14, what is -4 + -272b44c?
-272b452
In base 8, what is 5467640 - -13?
5467653
In base 5, what is 131 + 213233031?
213233212
In base 13, what is -485a75 - a8?
-485b50
In base 7, what is 661 + -220505?
-216514
In base 6, what is -10423444 - -24?
-10423420
In base 5, what is -1114314 + -1121?
-1120440
In base 13, what is 13 - 180852?
-18083c
In base 6, what is 5551 + 320002?
325553
In base 14, what is -4c5d2 + 15d?
-4c473
In base 2, what is 1101 + 10100101101011000110111110?
10100101101011000111001011
In base 15, what is -e97732 + 2?
-e97730
In base 7, what is 11412244 + 460?
11413034
In base 9, what is -18885 + -8885?
-28881
In base 11, what is -51a007 + 25?
-519a92
In base 3, what is -12 - -2000001201020?
2000001201001
In base 6, what is -451 + 304205?
303314
In base 16, what is 320b - 17?
31f4
In base 12, what is -30 - 238ba8?
-239018
In base 11, what is 10a2 + 1226a?
13361
In base 13, what is 24956 + 14?
2496a
In base 4, what is -10020020330331 + -1?
-10020020330332
In base 8, what is -444075 - -1124?
-442751
In base 2, what is 110 + 1011101110100101011000110?
1011101110100101011001100
In base 4, what is -300022211 + 33133?
-233323012
In base 9, what is -2 - -2871584?
2871582
In base 3, what is -22 + -100211012112?
-100211012211
In base 6, what is 312555533 + 102?
313000035
In base 13, what is -5 + 113a86b0?
113a86a8
In base 9, what is -45634033 - -3?
-45634030
In base 5, what is 4 - -3144134244?
3144134303
In base 14, what is -101a0d - -8?
-101a05
In base 2, what is 1101100100001101000 + -1001?
1101100100001011111
In base 10, what is -2 + 91901088?
91901086
In base 14, what is -263d7b + -29?
-263da6
In base 15, what is -1d - 439cd?
-439eb
In base 2, what is -11011011000111011111011 - 1000?
-11011011000111100000011
In base 16, what is 36c - 171fd?
-16e91
In base 8, what is -36150 - -622?
-35326
In base 5, what is 14 - -3014321101?
3014321120
In base 2, what is 1000011111011100 + -100000000?
1000011011011100
In base 8, what is 261554127 + 4?
261554133
In base 7, what is 10422513506 - 0?
10422513506
In base 10, what is 16166 + -961?
15205
In base 9, what is 5 - -165187631?
165187636
In base 9, what is 1 - -18102626?
18102627
In base 11, what is 1397 - 1305?
92
In base 2, what is -1010100101010 - 110001101?
-1011010110111
In base 2, what is -11101 + -10001100010110011100?
-10001100010110111001
In base 11, what is 141 - 166768?
-166627
In base 2, what is 1000110101 - -10110110001100?
10111111000001
In base 14, what is d694a + -39?
d6911
In base 12, what is ba6323 - -4?
ba6327
In base 15, what is 3 + -4c59b?
-4c598
In base 5, what is 210043 + 11140?
221233
In base 13, what is -1218c513 - -5?
-1218c50b
In base 16, what is 4 - 1423882?
-142387e
In base 2, what is -1001 + 11000111110101101111001100?
11000111110101101111000011
In base 5, what is 10121034 + -3202?
10112332
In base 16, what is 1 + 13be792d?
13be792e
In base 2, what is 10000111 - -100100110001101000110010?
100100110001101010111001
In base 10, what is 204385901 + 1?
204385902
In base 9, what is 1 + 8150408?
8150410
In base 13, what is 133 + c021a?
c0350
In base 15, what is -558e4bd - 7?
-558e4c5
In base 12, what is -2705a + -2a0?
-2733a
In base 3, what is 12121112 - 1022221?
11021121
In base 14, what is 2 - 780ac8?
-780ac6
In base 10, what is -5 + -2921188?
-2921193
In base 14, what is 23c - -13cc?
162a
In base 11, what is 17886 + 407?
18192
In base 14, what is -39 + c6562?
c6527
In base 10, what is -348 + 79687?
79339
In base 8, what is 2751355 + 7?
2751364
In base 15, what is -d3e2 - 315?
-d707
In base 9, what is -22 + -1342156?
-1342178
In base 15, what is -102 - -5951?
584e
In base 7, what is 550026 - -3104?
553133
In base 5, what is 32340 - -1401034?
1433424
In base 8, what is 1 + -326365230?
-326365227
In base 5, what is -3310223330 + 4?
-3310223321
In base 9, what is 15627876 - 11?
15627865
In base 4, what is -1330112102 + 1023?
-1330111013
In base 5, what is 1334322310 + 0?
1334322310
In base 5, what is -43 - 20202400241?
-20202400334
In base 6, what is 53134111 + 10?
53134121
In base 10, what is 1 + 13456423?
13456424
In base 2, what is 10010000100111100101 + -1001110?
10010000100110010111
In base 4, what is 323101313311121 - -11?
323101313311132
In base 6, what is 1035 + -4511510?
-4510431
In base 6, what is 1201214 + -51230?
1105544
In base 14, what is 3 - a35ca?
-a35c7
In base 11, what is 8933529 - 7?
8933522
In base 6, what is -32552014 + -1052?
-32553110
In base 7, what is 1352232425 - -1?
1352232426
In base 14, what is -36 - -24789?
24753
In base 3, what is 112 - -1210122021001?
1210122021120
In base 9, what is -2325 - -162?
-2153
In base 8, what is -1446460043 + 0?
-1446460043
In base 16, what is 1cb0 - -449?
20f9
In base 6, what is -1205344105 - -4?
-1205344101
In base 5, what is 0 + 1400010030?
1400010030
In base 5, what is 23021 + 142124?
220200
In base 8, what is -2722657 + 43?
-2722614
In base 9, what is 1837045416 - -2?
1837045418
In base 8, what is -365550 + -71?
-365641
In base 7, what i